9) in base 4?
-122031
Convert -2cb (base 14) to base 3.
-210011
Convert -391 (base 13) to base 10.
-625
12110002 (base 3) to base 15
129b
Convert 8377 (base 9) to base 6.
44241
124a (base 14) to base 4
302002
1332 (base 5) to base 11
188
-15735 (base 13) to base 2
-1001111101000101
235 (base 10) to base 3
22201
-10151 (base 10) to base 2
-10011110100111
Convert -c54 (base 13) to base 6.
-13413
-11104 (base 8) to base 15
-15bb
What is -2f83 (base 16) in base 8?
-27603
What is 1119 (base 14) in base 3?
11001202
Convert -17642 (base 14) to base 16.
-e5ea
Convert 4077 (base 14) to base 6.
123145
What is 2122203 (base 4) in base 5?
304031
Convert -a69b (base 14) to base 7.
-146554
What is -599b (base 14) in base 7?
-63354
-14344 (base 5) to base 2
-10011001000
What is 20112201 (base 4) in base 9?
51830
What is -1402113 (base 5) in base 4?
-12323320
Convert -374 (base 13) to base 5.
-4402
What is -1ba (base 13) in base 6?
-1254
Convert -110011 (base 2) to base 11.
-47
What is 1a (base 12) in base 15?
17
What is -2151 (base 9) in base 3?
-2011201
58c (base 15) to base 7
3444
Convert -254515 (base 6) to base 7.
-124211
What is 20222110 (base 3) in base 11?
3906
Convert -3d29 (base 14) to base 8.
-25101
-4415 (base 8) to base 5
-33232
Convert -45155 (base 6) to base 9.
-8618
What is -1527 (base 10) in base 12?
-a73
Convert -651 (base 7) to base 13.
-1c5
3100033 (base 4) to base 9
20247
Convert 226412 (base 7) to base 12.
1b65b
What is 1112 (base 4) in base 11?
79
What is 41303 (base 5) in base 3?
10201010
-1033 (base 4) to base 8
-117
-6373 (base 9) to base 7
-16440
What is 14131 (base 5) in base 9?
1535
9836 (base 10) to base 14
3828
78a (base 13) to base 16
511
Convert -87 (base 14) to base 6.
-315
Convert 535 (base 14) to base 3.
1102001
Convert 6299 (base 10) to base 9.
8568
Convert 21f (base 16) to base 6.
2303
Convert -3240 (base 5) to base 10.
-445
-4670 (base 15) to base 12
-87a3
What is -20202 (base 3) in base 4?
-2312
What is 2679 (base 15) in base 3?
102021020
Convert -121 (base 12) to base 3.
-20021
-6414 (base 12) to base 15
-33aa
11202111 (base 3) to base 4
312031
-10100001 (base 3) to base 7
-10042
-716 (base 9) to base 13
-35a
1416 (base 10) to base 13
84c
8ec (base 16) to base 2
100011101100
What is 1413 (base 6) in base 9?
450
100122 (base 3) to base 7
521
What is 226 (base 10) in base 2?
11100010
What is 4127 (base 9) in base 4?
233032
What is 2d77 (base 14) in base 7?
32510
What is b34 (base 14) in base 8?
4232
Convert 1001231 (base 4) to base 11.
3183
What is -110000010111 (base 2) in base 16?
-c17
What is 56203 (base 8) in base 14?
88b9
2221122220 (base 3) to base 4
32023122
Convert 221230 (base 4) to base 9.
3584
What is 13133 (base 5) in base 10?
1043
Convert -151261 (base 7) to base 16.
-7270
2264 (base 8) to base 15
554
What is 2996 (base 12) in base 9?
6606
Convert 102110 (base 3) to base 14.
181
16998 (base 10) to base 3
212022120
-e68 (base 16) to base 8
-7150
-379 (base 14) to base 16
-2b7
Convert a34 (base 14) to base 9.
2668
Convert -1001100101011 (base 2) to base 7.
-20210
-a285 (base 13) to base 2
-101011110010001
Convert 11020 (base 3) to base 6.
310
-20420 (base 5) to base 4
-111100
What is 4c (base 15) in base 8?
110
-201012 (base 4) to base 6
-13450
-31435 (base 6) to base 8
-10257
What is 301532 (base 6) in base 11?
16926
Convert -140 (base 6) to base 14.
-44
What is -335 (base 10) in base 4?
-11033
-15145 (base 8) to base 14
-2669
Convert -12b2 (base 12) to base 4.
-201212
Convert -1288 (base 10) to base 12.
-8b4
19924 (base 11) to base 10
27735
-3033 (base 7) to base 6
-4513
What is -4100 (base 5) in base 9?
-643
4a4 (base 15) to base 5
13204
Convert 20010 (base 4) to base 16.
204
-531 (base 6) to base 13
-124
What is -50268 (base 11) in base 2?
-10001111100110001
What is 32220 (base 4) in base 15?
426
What is -3a1 (base 11) in base 12?
-336
What is -14043 (base 5) in base 13?
-6a4
Convert -60d5 (base 14) to base 4.
-10010023
What is 4630 (base 11) in base 15?
1c08
Convert -126041 (base 7) to base 10.
-23696
What is -223 (base 6) in base 15?
-5c
-42 (base 6) to base 7
-35
What is -104160 (base 8) in base 13?
-12b8a
Convert 2326 (base 7) to base 10.
853
1350 (base 7) to base 8
1015
2334 (base 8) to base 14
64c
724 (base 11) to base 5
11443
3878 (base 12) to base 3
22211002
What is 242533 (base 6) in base 5?
1140434
Convert 110001011000 (base 2) to base 10.
3160
-11002000 (base 3) to base 7
-11442
What is 4de1 (base 16) in base 13?
90c8
What is -762 (base 10) in base 14?
-3c6
-310 (base 13) to base 7
-1342
What is -212121112 (base 3) in base 16?
-433d
414 (base 8) to base 7
532
190 (base 10) to base 5
1230
What is -4e11 (base 16) in base 11?
-14019
Convert -112124 (base 5) to base 9.
-5477
Convert -123513 (base 6) to base 7.
-44445
Convert 12100 (base 5) to base 15.
400
What is 1676 (base 8) in base 11?
7a1
Convert -2120212 (base 3) to base 13.
-b21
What is -375 (base 13) in base 14?
-311
2378 (base 9) to base 5
24042
Convert -36d (base 16) to base 5.
-12002
-562 (base 10) to base 11
-471
What is 8893 (base 11) in base 10?
11718
What is 403 (base 15) in base 2?
1110000111
Convert -20022 (base 4) to base 14.
-294
Convert -100341 (base 7) to base 12.
-99b3
-10220002 (base 3) to base 15
-c92
2250 (base 9) to base 12
b69
What is -422156 (base 7) in base 12?
-36172
-34350 (base 7) to base 4
-2020311
-1111020 (base 3) to base 7
-3111
What is 59a (base 13) in base 2?
1111001100
11d (base 14) to base 9
267
Convert 24240 (base 7) to base 8.
14234
Convert 2e08 (base 16) to base 12.
69a0
Convert -175 (base 9) to base 13.
-b6
What is -32642 (base 7) in base 16?
-2015
-157b8 (base 12) to base 6
-353152
What is -22070 (base 9) in base 5?
-432033
What is -100111100000 (base 2) in base 10?
-2528
Convert 23ff (base 16) to base 9.
13568
What is -2d5 (base 14) in base 10?
-579
15466 (base 7) to base 8
10410
-21212102 (base 3) to base 12
-339b
-2a7 (base 16) to base 8
-1247
Convert -34b (base 16) to base 14.
-443
28b7b (base 12) to base 13
1cc19
What is -11571 (base 8) in base 3?
-20211122
What is 3230 (base 5) in base 8?
670
33130 (base 4) to base 2
1111011100
What is -628 (base 9) in base 6?
-2212
-4446 (base 7) to base 4
-121002
96 (base 13) to base 2
1111011
38c (base 14) to base 7
2035
110000101 (base 2) to base 5
3024
What is 56614 (base 8) in base 15?
7168
Convert 120111 (base 3) to base 11.
350
What is 4565 (base 7) in base 10?
1664
What is 1910 (base 13) in base 8?
7223
Convert -94 (base 16) to base 6.
-404
Convert 5a56 (base 12) to base 2.
10011110100010
1a100 (base 11) to base 16
6da8
What is -6168 (base 10) in base 2?
-1100000011000
What is -523 (base 6) in base 15?
-d0
What is -20001202 (base 3) in base 16?
-1145
-142120 (base 6) to base 13
-616b
332 (base 4) to base 6
142
Convert -114304 (base 5) to base 2.
-1000011101001
-3c5 (base 13) to base 10
-668
What is 319a (base 11) in base 10?
4223
-2200012212 (base 3) to base 16
-cda6
483 (base 10) to base 14
267
-32430 (base 5) to base 3
-10001222
What is -23 (base 8) in base 9?
-21
189 (base 14) to base 5
2232
What is 764 (base 11) in base 4?
32111
What is 212201012 (base 3) in base 10?
17285
1171 (base 10) to base 5
14141
Convert 1235553 (base 6) to base 5.
4124024
What is 1015 (base 6) in base 9?
272
What is -256 (base 11) in base 14?
-179
Convert -21020 (base 3) to base 14.
-dd
Convert 873 (base 10) to base 16.
369
Convert 307 (base 8) to base 16.
c7
9ad (base 14) to base 6
12513
What is 22231 (base 5) in base 8?
3036
15287 (base 13) to base 4
21300323
-21102 (base 5) to base 6
-10254
-10d (base 16) to base 5
-2034
132b (base 16) to base 14
1b07
What is 922 (base 11) in base 13?
678
-60d (base 16) to base 15
-6d4
What is -1402 (base 5) in base 13?
-146
789 (base 12) to base 9
1466
Convert -84 (base 11) to base 13.
-71
What is 810 (base 13) in base 9?
1776
Convert 1058 (base 13) to base 7.
6422
What is -12100 (base 3) in base 12?
-100
What is 933 (base 13) in base 16?
61b
Convert -771 (base 16) to base 13.
-b37
2d1 (base 15) to base 5
10041
Convert -288 (base 16) to base 10.
-648
-10662 (base 7) to base 10
-2739
Convert 33203 (base 4) to base 15.
465
Convert 1112100202 (base 3) to base 12.
15548
What is 311122 (base 4) in base 15?
102d
Convert -222430 (base 5) to bas